hat is -c + -4?
-10
In base 8, what is -401 - -5?
-374
In base 3, what is 102111 - -10?
102121
In base 10, what is -2 - 718?
-720
In base 8, what is -65 + -23?
-110
In base 16, what is 5 + 9?
e
In base 13, what is -9 - -270?
264
In base 8, what is -46 - -11?
-35
In base 12, what is -11 + 3?
-a
In base 5, what is 4 + -103?
-44
In base 5, what is -1 + 2122?
2121
In base 5, what is -30002 - 20?
-30022
In base 10, what is -1101 + -1?
-1102
In base 4, what is 11103 + 3?
11112
In base 14, what is -77 - -b?
-6a
In base 11, what is 0 + -18?
-18
In base 9, what is 1823 + 4?
1827
In base 11, what is -4 - -96?
92
In base 3, what is -2 - 111010?
-111012
In base 14, what is -ab - 4?
-b1
In base 2, what is -11 + -10001111001?
-10001111100
In base 6, what is -404 + 0?
-404
In base 15, what is -49 - 1?
-4a
In base 16, what is -1f + 4?
-1b
In base 6, what is 40 + -14?
22
In base 13, what is 385 + -2?
383
In base 8, what is 0 - -6046?
6046
In base 2, what is 10101001 + 1?
10101010
In base 6, what is 101 - 32?
25
In base 2, what is -11 - -111100?
111001
In base 16, what is -5 + -66f?
-674
In base 11, what is -3 - -66?
63
In base 5, what is 3423 - -3?
3431
In base 3, what is -2012001 - 12?
-2012020
In base 15, what is 4 - -a?
e
In base 16, what is -6 - 28b?
-291
In base 11, what is -5a + 3?
-57
In base 12, what is 58 - 1?
57
In base 14, what is 4400 - 3?
43db
In base 9, what is -87 - -3?
-84
In base 13, what is -317 + 22?
-2c5
In base 8, what is -2 + -40?
-42
In base 3, what is -102100 + -11?
-102111
In base 4, what is 122 - 0?
122
In base 11, what is -5 - -146?
141
In base 10, what is 3 - 5?
-2
In base 7, what is -506 - 1?
-510
In base 16, what is 141 - -6?
147
In base 12, what is 4 + 116?
11a
In base 8, what is 32 + -35?
-3
In base 4, what is -132 + 11?
-121
In base 9, what is -4 - 101?
-105
In base 2, what is -110010 - 10010?
-1000100
In base 8, what is -5 + -1?
-6
In base 9, what is -4 - -145?
141
In base 10, what is 131 - -6?
137
In base 9, what is 1 + -1534?
-1533
In base 3, what is 12 + 11121?
11210
In base 8, what is -535 + 44?
-471
In base 16, what is 18c2 + -5?
18bd
In base 8, what is 2 - 2575?
-2573
In base 5, what is -2 - 10144?
-10201
In base 13, what is -180 - 0?
-180
In base 6, what is -122043 - 5?
-122052
In base 13, what is -27 + 48?
21
In base 9, what is -1653 + 5?
-1647
In base 15, what is -177 + 5?
-172
In base 14, what is 193b - -1?
193c
In base 3, what is 210202 + -1?
210201
In base 11, what is 37 - -160?
197
In base 4, what is 111 + -1003?
-232
In base 16, what is -b7 + -34?
-eb
In base 10, what is 271 - 41?
230
In base 2, what is 1010001 + -1001001?
1000
In base 6, what is 0 - 311?
-311
In base 5, what is -12 + 344?
332
In base 4, what is -302333 - 10?
-303003
In base 2, what is 100000101000 - 1?
100000100111
In base 9, what is 16 + -48?
-32
In base 4, what is 110211 + 0?
110211
In base 4, what is 12 + 1011?
1023
In base 9, what is -4 + 134?
130
In base 5, what is 300 + 143?
443
In base 15, what is -218 - -22?
-1e6
In base 9, what is 70 - 25?
44
In base 15, what is 9 - 2?
7
In base 6, what is -10 + -100?
-110
In base 10, what is 2 - 383?
-381
In base 16, what is 1fd - 9?
1f4
In base 11, what is 5 - -46?
50
In base 16, what is -299 + -1?
-29a
In base 3, what is -112210 - -2021?
-110112
In base 3, what is -101 - 10001002?
-10001110
In base 3, what is 101202 + -12?
101120
In base 11, what is -4 - -468?
464
In base 5, what is 0 - -3002?
3002
In base 4, what is -11132 - -1?
-11131
In base 10, what is 5 - -170?
175
In base 8, what is -12 - 110?
-122
In base 16, what is 4c - -1?
4d
In base 9, what is 2 - -132?
134
In base 16, what is 1 - 3b?
-3a
In base 4, what is 2233 - 2?
2231
In base 12, what is 17 - 8?
b
In base 5, what is 3 + 21030?
21033
In base 13, what is 40b - -4?
412
In base 11, what is -97 + 5?
-92
In base 10, what is 3 + 31?
34
In base 2, what is -101010 - -10?
-101000
In base 2, what is -10010 + 1110111?
1100101
In base 6, what is -10 - -4325?
4315
In base 12, what is 1b8b + -1?
1b8a
In base 12, what is 5 + -932?
-929
In base 4, what is 33111 + -10?
33101
In base 3, what is -102 - -2022?
1220
In base 15, what is 1a + 1?
1b
In base 3, what is 20221 - -1?
20222
In base 13, what is -9 - -25?
19
In base 10, what is -2 + 1120?
1118
In base 9, what is 101 - 5?
85
In base 4, what is 30 + -12?
12
In base 7, what is -1344 - -5?
-1336
In base 16, what is -3 - 41?
-44
In base 14, what is 7 + -6?
1
In base 15, what is 2 - 14?
-12
In base 4, what is 121 + -11?
110
In base 13, what is 112b + -4?
1127
In base 13, what is 1 + -4c5?
-4c4
In base 2, what is -1 + 1011?
1010
In base 13, what is 31 - -85?
b6
In base 4, what is -2120213 - 1?
-2120220
In base 9, what is -2 + -1648?
-1651
In base 9, what is 3 + 1416?
1420
In base 2, what is 100 + -11011111?
-11011011
In base 5, what is -10 + 1440?
1430
In base 2, what is 101 - 10001?
-1100
In base 12, what is 104 + 12?
116
In base 3, what is 10 - -2122?
2202
In base 14, what is 2da + -5?
2d5
In base 2, what is 1001 + 0?
1001
In base 13, what is b - 164?
-156
In base 14, what is -7 + 114?
10b
In base 12, what is 7 + 11?
18
In base 9, what is -5 + -1004?
-1010
In base 8, what is -24 + 4?
-20
In base 16, what is -6 - 7?
-d
In base 8, what is -22 - 645?
-667
In base 5, what is 4330 - 1?
4324
In base 2, what is -1001001000101 - 1?
-1001001000110
In base 14, what is 738 - 4?
734
In base 15, what is -11 + 8e?
7d
In base 16, what is -6 - -17?
11
In base 6, what is 0 - 104?
-104
In base 14, what is 1 + 25?
26
In base 3, what is 12 + -12000?
-11211
In base 13, what is 3 - -21?
24
In base 5, what is -31 + -1040?
-1121
In base 4, what is -2123 - -10?
-2113
In base 15, what is 5 + -60a?
-605
In base 16, what is -2 - 8a0?
-8a2
In base 3, what is -10 - 11012?
-11022
In base 10, what is 0 - 1207?
-1207
In base 11, what is 2 + 3591?
3593
In base 8, what is 3 - 467?
-464
In base 2, what is 101 - -10000110011?
10000111000
In base 12, what is 1227 - -5?
1230
In base 3, what is 1012 - 122?
120
In base 10, what is 0 + 2226?
2226
In base 7, what is 1 + 261?
262
In base 11, what is 79 - 5?
74
In base 16, what is -1c + -2b?
-47
In base 16, what is 2d - -1?
2e
In base 8, what is 233 + -4?
227
In base 2, what is -1000110 + -100?
-1001010
In base 12, what is 56 + b?
65
In base 12, what is 289 + 3?
290
In base 8, what is 16353 + 0?
16353
In base 11, what is -188 + 1?
-187
In base 15, what is 15 - -3?
18
In base 7, what is -1 + -445?
-446
In base 3, what is 12 + -21121?
-21102
In base 4, what is -11 - -212?
201
In base 10, what is -754 + -4?
-758
In base 5, what is 2 + 10042?
10044
In base 9, what is -6 + -4636?
-4643
In base 4, what is -3 + -111?
-120
In base 2, what is -100 + -110101?
-111001
In base 3, what is 10021111 - 12?
10021022
In base 4, what is -2 - -1300?
1232
In base 10, what is -5 - -48?
43
In base 7, what is -15 + 26?
11
In base 6, what is -24124 + 0?
-24124
In base 11, what is -35 + 21?
-14
In base 8, what is 2 + 336?
340
In base 9, what is -1 - -4011?
4010
In base 12, what is 0 + 27?
27
In base 10, what is -34 - -7?
-27
In base 15, what is 264 - 0?
264
In base 16, what is 8c + -1?
8b
In base 15, what is 32d + -4?
329
In base 5, what is 22213 + -4?
22204
In base 13, what is -9 - 75?
-81
In base 7, what is -1 + -10?
-11
In base 2, what is -10 + 10100111?
10100101
In base 8, what is 5 - 24?
-17
In base 15, what is -1cca - -1?
-1cc9
In base 10, what is 436 - 3?
433
In base 6, what is -11 - -1030?
1015
In base 6, what is -2420 - -3?
-2413
In base 6, what is -3134 - 10?
-3144
In base 16, what is 109 - -5?
10e
In base 5, what is -12 - 3113?
-3130
In base 10, what is -1198 + -2?
-1200
In base 12, what is -122 + -5?
-127
In base 4, what is -11 + -232?
-303
In base 5, what is 130 - -11?
141
In base 2, what is 1101100 + 10?
1101110
In base 11, what is 5 + -60?
-56
In base 8, what is 111 + -2?
107
In base 13, what is -4 + a1?
9a
In base 9, what is 625 - -2?
627
In base 6, what is -1 + -255?
-300
In base 10, what is 68 + 0?
68
In base 7, what is -10 + 506?
466
In base 7, what is 1 + 61?
62
In base 9, what is 58 + 3?
62
In base 3, what is 2120 - -220?
10110
In base 16, what is 1c - -4?
20
In base 3, what is 12002022 + 0?
12002022
In base 8, what is -230 - 12?
-242
In base 11, what is -12 + 71?
5a
In base 2, what is -1000111 + 11